{"id":3786,"date":"2015-01-22T11:49:40","date_gmt":"2015-01-22T11:49:40","guid":{"rendered":"http:\/\/www.moepp.gov.mk\/?page_id=3786"},"modified":"2021-04-09T09:04:58","modified_gmt":"2021-04-09T08:04:58","slug":"%d0%bb%d0%b5%d1%82%d0%be%d1%86%d0%b8","status":"publish","type":"page","link":"https:\/\/arhiva.moepp.gov.mk\/AL\/%d0%bc%d0%b5%d0%b4%d0%b8%d1%98%d0%b0\/%d0%bb%d0%b5%d1%82%d0%be%d1%86%d0%b8\/","title":{"rendered":"Flet\u00ebpalosje"},"content":{"rendered":"<p><a href=\"https:\/\/arhiva.moepp.gov.mk\/wp-content\/uploads\/2021\/04\/nature-based_solutions_infographic_albania.pdf\" target=\"_blank\">&#8220;Zgjidhje t\u00eb bazuara n\u00eb natyr\u00eb p\u00ebr shoq\u00ebri m\u00eb t\u00eb q\u00ebndrueshme n\u00eb Ballkanin Per\u00ebndimor&#8221;<\/a><\/p>\n<p><a href=\"https:\/\/arhiva.moepp.gov.mk\/wp-content\/uploads\/2015\/01\/LIFLET-448x210mm-V5-ALB-FINAL-WEB-Single-Pages.pdf\" target=\"_blank\">\u00c7FAR\u00cb DUHET T\u00cb DISH KUR MLEDH lloje t\u00eb bim\u00ebve t\u00eb egra dhe pjes\u00ebt e tyre<\/a><\/p>\n<p><a href=\"https:\/\/arhiva.moepp.gov.mk\/wp-content\/uploads\/2015\/01\/flaer-al_namaluvanje_zakani_od_pozari.pdf\" target=\"_blank\">T`i ruajm\u00eb pyjet q<\/a><a href=\"https:\/\/arhiva.moepp.gov.mk\/wp-content\/uploads\/2015\/01\/flaer-al_namaluvanje_zakani_od_pozari.pdf\" target=\"_blank\">\u00eb <\/a><a href=\"https:\/\/arhiva.moepp.gov.mk\/wp-content\/uploads\/2015\/01\/flaer-al_namaluvanje_zakani_od_pozari.pdf\" target=\"_blank\"> edhe ata t\u00eb na ruajn\u00eb neve!<\/a><\/p>\n<p><a href=\"https:\/\/arhiva.moepp.gov.mk\/wp-content\/uploads\/2015\/01\/Flyer-Water-Day-Alb.pdf\" target=\"_blank\">Dita bot\u00ebrore e uj\u00ebrave 2017<\/a><\/p>\n<p><a href=\"https:\/\/arhiva.moepp.gov.mk\/wp-content\/uploads\/2015\/01\/SOER_flayer_AL.pdf\" target=\"_blank\">SOER 2015\u00a0MJEDISI JET\u00cbSOR\u00a0 EUROPIANGJENDJA DHE PERSPEKTIVAT 2015<\/a><\/p>\n<p><a href=\"https:\/\/arhiva.moepp.gov.mk\/wp-content\/uploads\/2015\/03\/Liflet_Bioloska-raznovidnost_AL.pdf\" target=\"_blank\">T\u00cb KY\u00c7EMI DREJT P\u00cbRPJEKJEVE BOT\u00cbRORE KUND\u00cbR HUMBJES S\u00cb LLOJLLOJSHM\u00cbRIS\u00cb BIOLOGJIKE<\/a><\/p>\n<p>&nbsp;<\/p>","protected":false},"excerpt":{"rendered":"<p>&#8220;Zgjidhje t\u00eb bazuara n\u00eb natyr\u00eb p\u00ebr shoq\u00ebri m\u00eb t\u00eb q\u00ebndrueshme n\u00eb Ballkanin Per\u00ebndimor&#8221; \u00c7FAR\u00cb DUHET T\u00cb DISH KUR MLEDH lloje t\u00eb bim\u00ebve t\u00eb egra dhe pjes\u00ebt e tyre T`i ruajm\u00eb pyjet q\u00eb edhe ata t\u00eb na ruajn\u00eb neve! Dita bot\u00ebrore e uj\u00ebrave 2017 SOER 2015\u00a0MJEDISI JET\u00cbSOR\u00a0 EUROPIANGJENDJA DHE PERSPEKTIVAT 2015 T\u00cb KY\u00c7EMI DREJT P\u00cbRPJEKJEVE BOT\u00cbRORE&#8230; <a class=\"moretag\" href=\"https:\/\/arhiva.moepp.gov.mk\/AL\/%d0%bc%d0%b5%d0%b4%d0%b8%d1%98%d0%b0\/%d0%bb%d0%b5%d1%82%d0%be%d1%86%d0%b8\/\">Lexoni me shume  &raquo;<\/a><\/p>\n","protected":false},"author":3,"featured_media":0,"parent":87,"menu_order":399,"comment_status":"closed","ping_status":"open","template":"","meta":[],"_links":{"self":[{"href":"https:\/\/arhiva.moepp.gov.mk\/AL\/wp-json\/wp\/v2\/pages\/3786"}],"collection":[{"href":"https:\/\/arhiva.moepp.gov.mk\/AL\/wp-json\/wp\/v2\/pages"}],"about":[{"href":"https:\/\/arhiva.moepp.gov.mk\/AL\/wp-json\/wp\/v2\/types\/page"}],"author":[{"embeddable":true,"href":"https:\/\/arhiva.moepp.gov.mk\/AL\/wp-json\/wp\/v2\/users\/3"}],"replies":[{"embeddable":true,"href":"https:\/\/arhiva.moepp.gov.mk\/AL\/wp-json\/wp\/v2\/comments?post=3786"}],"version-history":[{"count":0,"href":"https:\/\/arhiva.moepp.gov.mk\/AL\/wp-json\/wp\/v2\/pages\/3786\/revisions"}],"up":[{"embeddable":true,"href":"https:\/\/arhiva.moepp.gov.mk\/AL\/wp-json\/wp\/v2\/pages\/87"}],"wp:attachment":[{"href":"https:\/\/arhiva.moepp.gov.mk\/AL\/wp-json\/wp\/v2\/media?parent=3786"}],"curies":[{"name":"wp","href":"https:\/\/api.w.org\/{rel}","templated":true}]}}

Fletëpalosje

<p><a href="https://arhiva.moepp.gov.mk/wp-content/uploads/2021/04/nature-based_solutions_infographic_albania.pdf" target="_blank">&#8220;Zgjidhje të bazuara në natyrë për shoqëri më të qëndrueshme në Ballkanin Perëndimor&#8221;</a></p>
<p><a href="https://arhiva.moepp.gov.mk/wp-content/uploads/2015/01/LIFLET-448x210mm-V5-ALB-FINAL-WEB-Single-Pages.pdf" target="_blank">ÇFARË DUHET TË DISH KUR MLEDH lloje të bimëve të egra dhe pjesët e tyre</a></p>
<p><a href="https://arhiva.moepp.gov.mk/wp-content/uploads/2015/01/flaer-al_namaluvanje_zakani_od_pozari.pdf" target="_blank">T`i ruajmë pyjet q</a><a href="https://arhiva.moepp.gov.mk/wp-content/uploads/2015/01/flaer-al_namaluvanje_zakani_od_pozari.pdf" target="_blank">ë </a><a href="https://arhiva.moepp.gov.mk/wp-content/uploads/2015/01/flaer-al_namaluvanje_zakani_od_pozari.pdf" target="_blank"> edhe ata të na ruajnë neve!</a></p>
<p><a href="https://arhiva.moepp.gov.mk/wp-content/uploads/2015/01/Flyer-Water-Day-Alb.pdf" target="_blank">Dita botërore e ujërave 2017</a></p>
<p><a href="https://arhiva.moepp.gov.mk/wp-content/uploads/2015/01/SOER_flayer_AL.pdf" target="_blank">SOER 2015 MJEDISI JETËSOR  EUROPIANGJENDJA DHE PERSPEKTIVAT 2015</a></p>
<p><a href="https://arhiva.moepp.gov.mk/wp-content/uploads/2015/03/Liflet_Bioloska-raznovidnost_AL.pdf" target="_blank">TË KYÇEMI DREJT PËRPJEKJEVE BOTËRORE KUNDËR HUMBJES SË LLOJLLOJSHMËRISË BIOLOGJIKE</a></p>
<p>&nbsp;</p>

<p>&#8220;Zgjidhje të bazuara në natyrë për shoqëri më të qëndrueshme në Ballkanin Perëndimor&#8221; ÇFARË DUHET TË DISH KUR MLEDH lloje të bimëve të egra dhe pjesët e tyre T`i ruajmë pyjet që edhe ata të na ruajnë neve! Dita botërore e ujërave 2017 SOER 2015 MJEDISI JETËSOR  EUROPIANGJENDJA DHE PERSPEKTIVAT 2015 TË KYÇEMI DREJT PËRPJEKJEVE BOTËRORE&#8230; <a class="moretag" href="https://arhiva.moepp.gov.mk/AL/%d0%bc%d0%b5%d0%b4%d0%b8%d1%98%d0%b0/%d0%bb%d0%b5%d1%82%d0%be%d1%86%d0%b8/">Lexoni me shume  &raquo;</a></p>
