{"id":21826,"date":"2020-03-13T11:10:33","date_gmt":"2020-03-13T10:10:33","guid":{"rendered":"http:\/\/www.moepp.gov.mk\/?page_id=21826"},"modified":"2020-03-16T10:02:30","modified_gmt":"2020-03-16T09:02:30","slug":"%d0%b8%d0%bd%d1%84%d0%be%d1%80%d0%bc%d0%b0%d1%86%d0%b8%d0%b8-%d0%b7%d0%b0-covid19","status":"publish","type":"page","link":"https:\/\/arhiva.moepp.gov.mk\/AL\/%d0%b8%d0%bd%d1%84%d0%be%d1%80%d0%bc%d0%b0%d1%86%d0%b8%d0%b8-%d0%b7%d0%b0-covid19\/","title":{"rendered":"MMJPH nd\u00ebrmori masa parandaluese p\u00ebr mbrojtje"},"content":{"rendered":"<p><\/p>\n<p><p>&nbsp;<\/p>\n<p>&nbsp;<\/p>\n<p>&nbsp;<\/p>\n<p><strong>KUMTES<\/strong><strong>\u00cb<\/strong><\/p>\n<p><!--StartFragment-->(13.03.2020) <!--EndFragment-->Pal\u00ebt q\u00eb d\u00ebshirojn\u00eb t\u00eb dor\u00ebzojn\u00eb\u00a0K\u00ebrkesa\u00a0elektronike n\u00eb MMJPH, brenda periudh\u00ebs 14-ditore derisa vlejn\u00eb masat eQeveris\u00eb p\u00ebr mbrojte ngakorona virusi, k\u00ebt\u00ebmund ta b\u00ebjn\u00eb p\u00ebrmesemail adres\u00ebszyrtare: <a href=\"mailto:infoeko@moepp.gov.mk\">infoeko@moepp.gov.mk<\/a>. T\u00eb njejtatdo t\u00eb procesohensi k\u00ebrkesa t\u00ebdor\u00ebzuaran\u00eb m\u00ebnyr\u00eb t\u00ebrregulltn\u00eb arkiv.<\/p>\n<p>Ju\u00a0b\u00ebjm\u00eb me dije se K\u00ebrkesat duhet t\u00eb d\u00ebrgohen\u00a0n\u00eb nj\u00eb dokument t\u00eb vet\u00ebm n\u00eb formatin pdf.<\/p>\n<p>&nbsp;<\/p>\n<div id=\"tap-translate\"><\/div>\n<div>\n<p><!--StartFragment--><\/p>\n<p>&nbsp;<\/p>\n<h2><strong>Lin\u00e7et me detyrimet dhe masat e miratuara nga Qeveria e RMV-s\u00eb:<\/strong><\/h2>\n<p>Seanca e 15-t\u00eb e Qeveris\u00eb (10.03.2020) <a title=\"https:\/\/vlada.mk\/node\/20448 \" href=\"https:\/\/vlada.mk\/node\/20448%20\" target=\"_blank\">https:\/\/vlada.mk\/node\/20448\u00a0<\/a><\/p>\n<p>Seanca e 15-t\u00eb e Qeveris\u00eb (10.03.2020) <a title=\"https:\/\/vlada.mk\/node\/20452\" href=\"https:\/\/vlada.mk\/node\/20452\" target=\"_blank\">https:\/\/vlada.mk\/node\/20452<\/a><\/p>\n<p>Seanca e 16-t\u00eb e Qeveris\u00eb (11.03.2020)<a title=\" https:\/\/vlada.mk\/node\/20463\" href=\"%20https:\/\/vlada.mk\/node\/20463\" target=\"_blank\"> https:\/\/vlada.mk\/node\/20463<\/a><\/p>\n<p>Seanca e 16-t\u00eb e Qeveris\u00eb (11.03.2020) \u00a0<a title=\"https:\/\/vlada.mk\/node\/20464\" href=\"https:\/\/vlada.mk\/node\/20464\" target=\"_blank\">https:\/\/vlada.mk\/node\/20464<\/a><\/p>\n<p>Seanca e 17-t\u00eb e Qeveris\u00eb (12.03.2020) <a title=\"https:\/\/vlada.mk\/node\/20489\" href=\"https:\/\/vlada.mk\/node\/20489\" target=\"_blank\">https:\/\/vlada.mk\/node\/20489<\/a><\/p>\n<p>&nbsp;<\/p>\n<p>&nbsp;<\/p>\n<p><!--StartFragment-->(09.03.2020) \u041cinistria e Mjedisit Jet\u00ebsor dhe Planifikimit Hap\u00ebsinor, zyrat e s\u00eb cil\u00ebs jan\u00eb n\u00eb Shkup, n\u00eb p\u00ebrputhje me situat\u00ebn e sapokrijuar me koronavirusin n\u00eb vendin tone, zbaton nj\u00eb mas\u00eb parandaluese p\u00ebr t\u00eb shmangur prezenc\u00ebn fizike n\u00eb ambientet e Ministris\u00eb s\u00eb Mjedisit Jet\u00ebsor dhe Planifikimit Hap\u00ebsinor. Kjo \u00ebsht\u00eb n\u00eb p\u00ebrputhje me masat e jasht\u00ebzakonshme t\u00eb nd\u00ebrmarra nga Qeveria e RMV-s\u00eb p\u00ebr nj\u00eb periudh\u00eb prej 14 dit\u00ebsh. N\u00eb k\u00ebt\u00eb drejtim, rekomandojm\u00eb minimizimin e t\u00eb gjitha takimeve dhe zvog\u00eblimin e t\u00eb gjitha kontakteve t\u00eb drejtp\u00ebrdrejta dhe n\u00eb t\u00eb nj\u00ebjt\u00ebn koh\u00eb ju b\u00ebjm\u00eb thirrje t\u00eb gjith\u00eb shryt\u00ebzuesve t\u00eb sh\u00ebrbimeve dhe informacioneve q\u00eb t\u00eb mos vijn\u00eb n\u00eb ambientet e MMJPH-s\u00eb, por t\u00eb drejtohen p\u00ebrmes telefonit n\u00eb: 02 3225 237 ose n\u00eb email adres\u00ebn: skj.mzspp@gmail.com ose <a title=\"infoeko@moepp.gov.mk\" href=\"http:\/\/infoeko@moepp.gov.mk\" target=\"_blank\" rel=\"noopener\">infoeko@moepp.gov.mk<\/a> .<!--EndFragment--><\/p>\n<p><!--EndFragment--><\/p>\n<\/div>\n<div id=\"tap-translate\"><\/div>\n<div id=\"tap-translate\"><\/div>\n<div id=\"tap-translate\"><\/div>\n<div id=\"tap-translate\"><\/div>\n<div id=\"tap-translate\"><\/div>\n<div id=\"tap-translate\"><\/div>\n<div id=\"tap-translate\"><\/div>\n<div id=\"tap-translate\"><\/div>\n<div id=\"tap-translate\"><\/div>\n<\/p>\n<p><\/p>","protected":false},"excerpt":{"rendered":"<p>&nbsp; &nbsp; &nbsp; KUMTES\u00cb (13.03.2020) Pal\u00ebt q\u00eb d\u00ebshirojn\u00eb t\u00eb dor\u00ebzojn\u00eb\u00a0K\u00ebrkesa\u00a0elektronike n\u00eb MMJPH, brenda periudh\u00ebs 14-ditore derisa vlejn\u00eb masat eQeveris\u00eb p\u00ebr mbrojte ngakorona virusi, k\u00ebt\u00ebmund ta b\u00ebjn\u00eb p\u00ebrmesemail adres\u00ebszyrtare: infoeko@moepp.gov.mk. T\u00eb njejtatdo t\u00eb procesohensi k\u00ebrkesa t\u00ebdor\u00ebzuaran\u00eb m\u00ebnyr\u00eb t\u00ebrregulltn\u00eb arkiv. Ju\u00a0b\u00ebjm\u00eb me dije se K\u00ebrkesat duhet t\u00eb d\u00ebrgohen\u00a0n\u00eb nj\u00eb dokument t\u00eb vet\u00ebm n\u00eb formatin pdf. &nbsp; &nbsp;&#8230; <a class=\"moretag\" href=\"https:\/\/arhiva.moepp.gov.mk\/AL\/%d0%b8%d0%bd%d1%84%d0%be%d1%80%d0%bc%d0%b0%d1%86%d0%b8%d0%b8-%d0%b7%d0%b0-covid19\/\">Lexoni me shume  &raquo;<\/a><\/p>\n","protected":false},"author":2,"featured_media":0,"parent":0,"menu_order":124,"comment_status":"closed","ping_status":"open","template":"","meta":[],"_links":{"self":[{"href":"https:\/\/arhiva.moepp.gov.mk\/AL\/wp-json\/wp\/v2\/pages\/21826"}],"collection":[{"href":"https:\/\/arhiva.moepp.gov.mk\/AL\/wp-json\/wp\/v2\/pages"}],"about":[{"href":"https:\/\/arhiva.moepp.gov.mk\/AL\/wp-json\/wp\/v2\/types\/page"}],"author":[{"embeddable":true,"href":"https:\/\/arhiva.moepp.gov.mk\/AL\/wp-json\/wp\/v2\/users\/2"}],"replies":[{"embeddable":true,"href":"https:\/\/arhiva.moepp.gov.mk\/AL\/wp-json\/wp\/v2\/comments?post=21826"}],"version-history":[{"count":0,"href":"https:\/\/arhiva.moepp.gov.mk\/AL\/wp-json\/wp\/v2\/pages\/21826\/revisions"}],"wp:attachment":[{"href":"https:\/\/arhiva.moepp.gov.mk\/AL\/wp-json\/wp\/v2\/media?parent=21826"}],"curies":[{"name":"wp","href":"https:\/\/api.w.org\/{rel}","templated":true}]}}

MMJPH ndërmori masa parandaluese për mbrojtje

<p></p>
<p><p>&nbsp;</p>
<p>&nbsp;</p>
<p>&nbsp;</p>
<p><strong>KUMTES</strong><strong>Ë</strong></p>
<p><!--StartFragment-->(13.03.2020) <!--EndFragment-->Palët që dëshirojnë të dorëzojnë Kërkesa elektronike në MMJPH, brenda periudhës 14-ditore derisa vlejnë masat eQeverisë për mbrojte ngakorona virusi, këtëmund ta bëjnë përmesemail adresëszyrtare: <a href="mailto:infoeko@moepp.gov.mk">infoeko@moepp.gov.mk</a>. Të njejtatdo të procesohensi kërkesa tëdorëzuaranë mënyrë tërregulltnë arkiv.</p>
<p>Ju bëjmë me dije se Kërkesat duhet të dërgohen në një dokument të vetëm në formatin pdf.</p>
<p>&nbsp;</p>
<div id="tap-translate"></div>
<div>
<p><!--StartFragment--></p>
<p>&nbsp;</p>
<h2><strong>Linçet me detyrimet dhe masat e miratuara nga Qeveria e RMV-së:</strong></h2>
<p>Seanca e 15-të e Qeverisë (10.03.2020) <a title="https://vlada.mk/node/20448 " href="https://vlada.mk/node/20448%20" target="_blank">https://vlada.mk/node/20448 </a></p>
<p>Seanca e 15-të e Qeverisë (10.03.2020) <a title="https://vlada.mk/node/20452" href="https://vlada.mk/node/20452" target="_blank">https://vlada.mk/node/20452</a></p>
<p>Seanca e 16-të e Qeverisë (11.03.2020)<a title=" https://vlada.mk/node/20463" href="%20https://vlada.mk/node/20463" target="_blank"> https://vlada.mk/node/20463</a></p>
<p>Seanca e 16-të e Qeverisë (11.03.2020)  <a title="https://vlada.mk/node/20464" href="https://vlada.mk/node/20464" target="_blank">https://vlada.mk/node/20464</a></p>
<p>Seanca e 17-të e Qeverisë (12.03.2020) <a title="https://vlada.mk/node/20489" href="https://vlada.mk/node/20489" target="_blank">https://vlada.mk/node/20489</a></p>
<p>&nbsp;</p>
<p>&nbsp;</p>
<p><!--StartFragment-->(09.03.2020) Мinistria e Mjedisit Jetësor dhe Planifikimit Hapësinor, zyrat e së cilës janë në Shkup, në përputhje me situatën e sapokrijuar me koronavirusin në vendin tone, zbaton një masë parandaluese për të shmangur prezencën fizike në ambientet e Ministrisë së Mjedisit Jetësor dhe Planifikimit Hapësinor. Kjo është në përputhje me masat e jashtëzakonshme të ndërmarra nga Qeveria e RMV-së për një periudhë prej 14 ditësh. Në këtë drejtim, rekomandojmë minimizimin e të gjitha takimeve dhe zvogëlimin e të gjitha kontakteve të drejtpërdrejta dhe në të njëjtën kohë ju bëjmë thirrje të gjithë shrytëzuesve të shërbimeve dhe informacioneve që të mos vijnë në ambientet e MMJPH-së, por të drejtohen përmes telefonit në: 02 3225 237 ose në email adresën: skj.mzspp@gmail.com ose <a title="infoeko@moepp.gov.mk" href="http://infoeko@moepp.gov.mk" target="_blank" rel="noopener">infoeko@moepp.gov.mk</a> .<!--EndFragment--></p>
<p><!--EndFragment--></p>
</div>
<div id="tap-translate"></div>
<div id="tap-translate"></div>
<div id="tap-translate"></div>
<div id="tap-translate"></div>
<div id="tap-translate"></div>
<div id="tap-translate"></div>
<div id="tap-translate"></div>
<div id="tap-translate"></div>
<div id="tap-translate"></div>
</p>
<p></p>

<p>&nbsp; &nbsp; &nbsp; KUMTESË (13.03.2020) Palët që dëshirojnë të dorëzojnë Kërkesa elektronike në MMJPH, brenda periudhës 14-ditore derisa vlejnë masat eQeverisë për mbrojte ngakorona virusi, këtëmund ta bëjnë përmesemail adresëszyrtare: infoeko@moepp.gov.mk. Të njejtatdo të procesohensi kërkesa tëdorëzuaranë mënyrë tërregulltnë arkiv. Ju bëjmë me dije se Kërkesat duhet të dërgohen në një dokument të vetëm në formatin pdf. &nbsp; &nbsp;&#8230; <a class="moretag" href="https://arhiva.moepp.gov.mk/AL/%d0%b8%d0%bd%d1%84%d0%be%d1%80%d0%bc%d0%b0%d1%86%d0%b8%d0%b8-%d0%b7%d0%b0-covid19/">Lexoni me shume  &raquo;</a></p>
