{"id":14258,"date":"2018-03-30T12:09:23","date_gmt":"2018-03-30T12:09:23","guid":{"rendered":"http:\/\/www.moepp.gov.mk\/?page_id=14258"},"modified":"2022-08-23T12:24:19","modified_gmt":"2022-08-23T11:24:19","slug":"%d0%bf%d1%80%d0%b8%d1%80%d0%b0%d1%87%d0%bd%d0%b8%d1%86%d0%b8-%d0%b8-%d1%83%d0%bf%d0%b0%d1%82%d1%81%d1%82%d0%b2%d0%b0","status":"publish","type":"page","link":"https:\/\/arhiva.moepp.gov.mk\/AL\/%d0%bf%d1%80%d0%b8%d1%80%d0%b0%d1%87%d0%bd%d0%b8%d1%86%d0%b8-%d0%b8-%d1%83%d0%bf%d0%b0%d1%82%d1%81%d1%82%d0%b2%d0%b0\/","title":{"rendered":"."},"content":{"rendered":"<p><a title=\"Udh\u00ebzim p\u00ebr propozimin e sistematizimit t\u00eb vendeve t\u00eb pun\u00ebs n\u00eb kompetenc\u00eb t\u00eb mbrojtjes s\u00eb mjedisit t\u00eb komunave n\u00eb fush\u00ebn e mjedisit me mbulimin e t\u00eb gjitha kompetencave n\u00eb fush\u00ebn e mjedisit; Shtojca e Udh\u00ebzimit\" href=\"https:\/\/arhiva.moepp.gov.mk\/wp-content\/uploads\/2018\/03\/\u0423\u043f\u0430\u0442\u0441\u0442\u0432\u043e.-Alb.docx\" target=\"_blank\">Udh\u00ebzim p\u00ebr propozimin e sistematizimit t\u00eb vendeve t\u00eb pun\u00ebs n\u00eb kompetenc\u00eb t\u00eb mbrojtjes s\u00eb mjedisit t\u00eb komunave n\u00eb fush\u00ebn e mjedisit me mbulimin e t\u00eb gjitha kompetencave n\u00eb fush\u00ebn e mjedisit; Shtojca e Udh\u00ebzimit<\/a><\/p>\n<p><!--EndFragment--><\/p>\n<p>&nbsp;<\/p>","protected":false},"excerpt":{"rendered":"<p>Udh\u00ebzim p\u00ebr propozimin e sistematizimit t\u00eb vendeve t\u00eb pun\u00ebs n\u00eb kompetenc\u00eb t\u00eb mbrojtjes s\u00eb mjedisit t\u00eb komunave n\u00eb fush\u00ebn e mjedisit me mbulimin e t\u00eb gjitha kompetencave n\u00eb fush\u00ebn e mjedisit; Shtojca e Udh\u00ebzimit &nbsp;<\/p>\n","protected":false},"author":2,"featured_media":0,"parent":0,"menu_order":294,"comment_status":"closed","ping_status":"open","template":"","meta":[],"_links":{"self":[{"href":"https:\/\/arhiva.moepp.gov.mk\/AL\/wp-json\/wp\/v2\/pages\/14258"}],"collection":[{"href":"https:\/\/arhiva.moepp.gov.mk\/AL\/wp-json\/wp\/v2\/pages"}],"about":[{"href":"https:\/\/arhiva.moepp.gov.mk\/AL\/wp-json\/wp\/v2\/types\/page"}],"author":[{"embeddable":true,"href":"https:\/\/arhiva.moepp.gov.mk\/AL\/wp-json\/wp\/v2\/users\/2"}],"replies":[{"embeddable":true,"href":"https:\/\/arhiva.moepp.gov.mk\/AL\/wp-json\/wp\/v2\/comments?post=14258"}],"version-history":[{"count":0,"href":"https:\/\/arhiva.moepp.gov.mk\/AL\/wp-json\/wp\/v2\/pages\/14258\/revisions"}],"wp:attachment":[{"href":"https:\/\/arhiva.moepp.gov.mk\/AL\/wp-json\/wp\/v2\/media?parent=14258"}],"curies":[{"name":"wp","href":"https:\/\/api.w.org\/{rel}","templated":true}]}}

<p><a title="Udhëzim për propozimin e sistematizimit të vendeve të punës në kompetencë të mbrojtjes së mjedisit të komunave në fushën e mjedisit me mbulimin e të gjitha kompetencave në fushën e mjedisit; Shtojca e Udhëzimit" href="https://arhiva.moepp.gov.mk/wp-content/uploads/2018/03/Упатство.-Alb.docx" target="_blank">Udhëzim për propozimin e sistematizimit të vendeve të punës në kompetencë të mbrojtjes së mjedisit të komunave në fushën e mjedisit me mbulimin e të gjitha kompetencave në fushën e mjedisit; Shtojca e Udhëzimit</a></p>
<p><!--EndFragment--></p>
<p>&nbsp;</p>

<p>Udhëzim për propozimin e sistematizimit të vendeve të punës në kompetencë të mbrojtjes së mjedisit të komunave në fushën e mjedisit me mbulimin e të gjitha kompetencave në fushën e mjedisit; Shtojca e Udhëzimit &nbsp;</p>
